n is divided by c?
5
What is the remainder when 103 is divided by ((-42)/(-18))/((-2)/(-6))?
5
Let l = -30 + 83. Calculate the remainder when 146 is divided by l.
40
Suppose -r = -5*m + 43, 0 = 4*r + 9 + 3. Let y = -81 + 32. Let z = y + 63. Calculate the remainder when z is divided by m.
6
Let m(a) = 3*a + 43. Let x be m(-19). Let p = 40 + x. Calculate the remainder when 101 is divided by p.
23
Let z(g) be the first derivative of g**2 - g - 1 + 4/3*g**3. Calculate the remainder when 37 is divided by z(2).
18
Let c(f) = 2*f**2 + 3*f - 1. Let x be c(-3). Suppose 0 = -3*g + x*g - 15. Suppose -12 = -g*q, s - q = 3*q. Calculate the remainder when 61 is divided by s.
13
What is the remainder when 153 is divided by (-6)/(-9)*(-1 + (-1652)/(-8))?
16
Calculate the remainder when 152 is divided by ((-6 - -2) + 2)*(-81 + 74).
12
Suppose 0 = -5*b, 0 = 4*z + b - 6*b - 8. Suppose 38 = z*m - 2*u, -3*u = 2*m - u - 22. Calculate the remainder when 43 is divided by m.
13
Suppose -116 = -4*v + 180. Suppose -2*h = 2*j - v, -j - h + 47 = 2*h. Suppose -5*i + j = -23. What is the remainder when i is divided by 6?
5
Suppose 43 = 7*s + 1. Suppose s*u = -0*u + 570. What is the remainder when u is divided by 128/10*(-60)/(-24)?
31
Let m = 8 + -3. Suppose t - 3*c = 2*c + 54, 33 = 2*t + m*c. Suppose 0 = -4*l + 8, -2*s + 28 = s + 2*l. What is the remainder when t is divided by s?
5
Suppose -7*z + 22 = 1. Suppose 2*f - z*s - 5 = 0, 3*s + 0 + 26 = 5*f. What is the remainder when 12 is divided by f?
5
Let s(t) = t + 7. Suppose -22 = -4*d + 2*i, 2*d + i = -i + 14. Let v = -126 + 151. What is the remainder when v is divided by s(d)?
12
Suppose 4*m - 8*m = -s + 23, -2*s + m + 74 = 0. Suppose 3*u + 48 = 2*a, -2*a - 5 = 3*u - 41. What is the remainder when s is divided by a?
18
Let r(g) = 2*g**2 + 6*g - 1. What is the remainder when r(-12) is divided by 17?
11
Suppose 11*o - 14*o + 60 = 0. Calculate the remainder when o is divided by (-130)/(-26) - (1 - 2).
2
Calculate the remainder when (-9)/(99/22) - (-1 + -73) is divided by 25 + (-1 + 0 - -1).
22
Suppose -11*p + 7*p + 138 = -2*h, -4*p + 129 = h. Calculate the remainder when 55 is divided by p.
22
Let t(h) = -2*h**3 + h**2 - 7*h - 14. What is the remainder when 220 is divided by t(-3)?
10
Let t = -7 - -21. Let r(m) = -5*m - 20. Let p be r(-5). Calculate the remainder when t is divided by (-6)/15 - (-42)/p.
6
Suppose -x + 17 - 26 = 0. Let l(m) = 2*m**2 + 12*m + 8. Calculate the remainder when l(x) is divided by 21.
20
Let g(c) = -c**3 + 18*c**2 + 8*c - 84. Calculate the remainder when g(17) is divided by 106.
23
Let f(z) be the first derivative of 24*z**3 - z**2 - 8. Calculate the remainder when f(1) is divided by 15.
10
Suppose 2*u - 5*g = u - 11, 4*u - 4*g - 4 = 0. Suppose u*o + 4*w - 264 = 0, -o + 70 = -0*o - w. Calculate the remainder when o is divided by 23.
22
Let d = -1159 + 1174. What is the remainder when 1 - (1 + -2) - -70 is divided by d?
12
Let b = 104 - -59. Calculate the remainder when b is divided by 55.
53
Suppose -3*m = -3*h - 3, m - 5*h - 1 = 4. Suppose -4*f + 20 = -m*f. Suppose 45 = 2*x - s, x - f*s - 24 = 3. What is the remainder when 130 is divided by x?
20
Let b be 1*(-4 - -3)*-35. Let y be (-1)/5 - (-2387)/b. Suppose -g = -y + 39. Calculate the remainder when g is divided by 5.
4
What is the remainder when 55 is divided by 4 + 0*5/(-15) - -11?
10
Suppose -57 = -9*l - 39. What is the remainder when 535 is divided by l?
1
Let g(r) = 5 - 4*r + 4*r**3 - 3*r**3 + 9*r**2 - 3. Calculate the remainder when g(-9) is divided by 3 + ((-34)/(-14))/((-15)/(-105)).
18
Suppose 0*v - 2*v + 20 = 0. Suppose -168 + 138 = -10*g. Calculate the remainder when v is divided by g.
1
Let r = 136 + -19. Suppose -2*w + r = 7*w. What is the remainder when 89 is divided by w?
11
Suppose 9*i = 12*i - 42. What is the remainder when 220 is divided by i?
10
Suppose 0 = v - 2*m - 137, -5*v = -4*m + 6*m - 721. What is the remainder when v is divided by 28?
3
What is the remainder when (-1 + 4)/((-6)/(-1696)) is divided by 122?
116
Let v be ((-8)/(-6))/((-6)/9). Let z be 0 - 2*(-9)/v. Calculate the remainder when 21/z*(1 + -4) is divided by 4.
3
Suppose -220 = -5*m - 70. Calculate the remainder when 146 is divided by m.
26
Let s be ((-2 - 12) + 3)*10 - 0. Calculate the remainder when (-1)/(s/(-28) - 16/4) is divided by 9.
5
Suppose 37*f - 13*f = 1656. What is the remainder when f is divided by 10?
9
What is the remainder when 29 is divided by ((-5)/3)/(28/(-252))?
14
Let y(i) = i + 5. Suppose -155*o = -142*o - 611. What is the remainder when o is divided by y(5)?
7
Suppose -16*h = -20*h. Suppose -120 = -4*y - h*b - 5*b, 0 = -5*y - 5*b + 150. Calculate the remainder when y is divided by 17.
13
Let w = 1732 + -1606. Calculate the remainder when w is divided by 88.
38
What is the remainder when 310 is divided by (-8)/(-3) + -3 - (-544)/12?
40
Let x = -124 + 278. Let y(o) = -27*o + 31. What is the remainder when x is divided by y(0)?
30
Let z be (60/(-9))/((-2)/9). Suppose -z*i = -32*i + 30. What is the remainder when 71 is divided by i?
11
Let w be 1/(-4) + 34/8. Let n = 447 - 435. Suppose w*f - 84 + n = d, -16 = 4*d. Calculate the remainder when 84 is divided by f.
16
Suppose c + s = -4*s - 12, -3 = 3*c + 4*s. Let b be (20/(-8) + c)*166. Suppose -4*x + 9*x = -5, 2*z - 3*x = b. What is the remainder when z is divided by 14?
12
Let n(w) = -6*w - 2. Let a = -13 - -10. Let r(o) = 3*o**2 - 3*o + 3. What is the remainder when n(a) is divided by r(2)?
7
Let u be 1/18*75 - (-2)/(-12). Suppose 2*o - 20 = -4*f, 5 = -f + 3*o - u. What is the remainder when 0 + 1 - (-10)/1 is divided by f?
2
Let r = 33 + -33. Suppose -5*y + 77 = 2*s - 151, -y + 4*s + 50 = r. What is the remainder when y is divided by 16?
14
Suppose 0 = -20*o + 10*o + 600. Calculate the remainder when o is divided by 13.
8
Let c = 30 - 21. Suppose 0 = 197*p - 194*p - 45. Calculate the remainder when p is divided by c.
6
Let m be -1 + 5/(25/(-370)). Let k = m - -95. Suppose 4*t = 2*t + 154. Calculate the remainder when t is divided by k.
17
Let g = -997 + 1075. What is the remainder when g is divided by 22?
12
Let c = -3 + -231. What is the remainder when 37 is divided by (c/(-27))/((-4)/(-6))?
11
Let f = 2 + -6. Calculate the remainder when (f - -3)/((-2)/26) is divided by 5.
3
Let q(p) = -p**2 - 20*p + 163. Let a = 1 - -23. Calculate the remainder when q(-23) is divided by a.
22
Let b(n) = 28*n - 17. Let d be b(4). Suppose -17 = -8*s + d. What is the remainder when s is divided by 9?
5
Let o = 1447 + -1324. Calculate the remainder when o is divided by 16.
11
Let n = 89 - 87. Let x = n + 123. What is the remainder when x is divided by 43?
39
Let a = 2159 - 1960. Calculate the remainder when a is divided by 102.
97
Let t(n) = -n**3 + 12*n**2 - 14*n + 11. Let h be t(10). Let p = h - 68. Calculate the remainder when 3 is divided by p.
0
Suppose 9*s + 12 = 6*s. Let m = 13 + s. What is the remainder when 20 is divided by m?
2
Let d = -59 - -32. Let w = d + 35. Calculate the remainder when 39 is divided by w.
7
Let n(u) = 49*u - 48*u + 0 - 5. Let i be n(2). Calculate the remainder when 6 + i - (-17 - 0) is divided by 8.
4
Suppose -3*n + 204 = h, 20*h - 17*h = 3*n - 216. Let y = -84 - -39. Let u = n + y. Calculate the remainder when u is divided by 9.
6
Suppose 0 = 4*m - 50 - 14. Let y(z) = z**2 + 4*z - 2. What is the remainder when y(6) is divided by m?
10
Let q be 20/(-25)*(-25)/2. Suppose -x - 3 = -q. Let r = 7 - 3. What is the remainder when x is divided by r?
3
Suppose 267 + 8049 = 36*d. Calculate the remainder when d is divided by 119.
112
Suppose -4*b - 95 = f - 4*f, -2*f + 3*b = -62. Let u = f - 32. Calculate the remainder when 18 is divided by u.
3
Suppose -964 = -30*d - 124. Calculate the remainder when 101 is divided by d.
17
Let x = -14 - -16. Suppose 0 = -3*p - 2*z - 1, x*z - 3 = -13. Suppose 4*f = -u - 0*f + 4, 0 = u - p*f - 25. Calculate the remainder when 29 is divided by u.
13
Suppose 186 = 4*s - 3*v, 4*s - 78 = -4*v + 122. Suppose 0 = 4*p + s - 236. What is the remainder when p is divided by 10?
7
Let d(s) be the second derivative of s**3/6 - s**2/2 + 3*s. Suppose 4*k = q + 100, -4*k = q - 0*q - 100. What is the remainder when k is divided by d(15)?
11
Let a(k) = -k**3 + 3*k*